{"id":11005,"date":"2021-10-21T15:03:58","date_gmt":"2021-10-21T12:03:58","guid":{"rendered":"http:\/\/localhost\/TR\/?page_id=11005"},"modified":"2021-10-21T15:05:00","modified_gmt":"2021-10-21T12:05:00","slug":"akis-kontrol-sistemleri","status":"publish","type":"page","link":"https:\/\/poyrazpaslanmaz.com\/TUR\/akis-kontrol-sistemleri\/","title":{"rendered":"Ak\u0131\u015f Kontrol Sistemleri"},"content":{"rendered":"\t\t<div data-elementor-type=\"wp-page\" data-elementor-id=\"11005\" class=\"elementor elementor-11005\" data-elementor-settings=\"[]\">\n\t\t\t\t\t\t\t<div class=\"elementor-section-wrap\">\n\t\t\t\t\t\t\t<section class=\"elementor-section elementor-top-section elementor-element elementor-element-54e9507 elementor-section-boxed elementor-section-height-default elementor-section-height-default\" data-id=\"54e9507\" data-element_type=\"section\">\n\t\t\t\t\t\t<div class=\"elementor-container elementor-column-gap-default\">\n\t\t\t\t\t<div class=\"elementor-column elementor-col-100 elementor-top-column elementor-element elementor-element-71e1ec6\" data-id=\"71e1ec6\" data-element_type=\"column\">\n\t\t\t<div class=\"elementor-widget-wrap elementor-element-populated\">\n\t\t\t\t\t\t\t\t<div class=\"elementor-element elementor-element-fdc5a07 elementor-widget elementor-widget-ld_fancy_image\" data-id=\"fdc5a07\" data-element_type=\"widget\" data-widget_type=\"ld_fancy_image.default\">\n\t\t\t\t<div class=\"elementor-widget-container\">\n\t\t\t\n\t\t\t<div id=\"\" class=\"lqd-imggrp-single\"   >\n\t\t\t\t\n\t\t\t\t<div class=\"lqd-imggrp-img-container\"   >\n\t\t\t\t\t\n\t\t\t\t\t\t\t\n\t\t\t\t\t\t\t\t\t\t<figure><img loading=\"lazy\" decoding=\"async\" width=\"962\" height=\"722\" src=\"https:\/\/poyrazpaslanmaz.com\/TUR\/wp-content\/uploads\/2021\/10\/petrochemie.jpg\" class=\"attachment-full size-full\" alt=\"\" \/><\/figure>\n\t\t\t\t\t\t\t\t\t\t\t\t\t\t\t\t\t\t\t\t\n\t\t\t\t<\/div>\n\t\t\t<\/div>\n\n\t\t\t\t<\/div>\n\t\t\t\t<\/div>\n\t\t\t\t\t<\/div>\n\t\t<\/div>\n\t\t\t\t\t\t\t<\/div>\n\t\t<\/section>\n\t\t\t\t<section class=\"elementor-section elementor-top-section elementor-element elementor-element-97ec7f6 elementor-section-boxed elementor-section-height-default elementor-section-height-default\" data-id=\"97ec7f6\" data-element_type=\"section\">\n\t\t\t\t\t\t<div class=\"elementor-container elementor-column-gap-default\">\n\t\t\t\t\t<div class=\"elementor-column elementor-col-100 elementor-top-column elementor-element elementor-element-509f216\" data-id=\"509f216\" data-element_type=\"column\">\n\t\t\t<div class=\"elementor-widget-wrap elementor-element-populated\">\n\t\t\t\t\t\t\t\t<div class=\"elementor-element elementor-element-2f558dd elementor-widget elementor-widget-hub_fancy_heading\" data-id=\"2f558dd\" data-element_type=\"widget\" data-widget_type=\"hub_fancy_heading.default\">\n\t\t\t\t<div class=\"elementor-widget-container\">\n\t\t\t\n\t\t<div id=\"ld-fancy-heading-69f4c8eac9356\" class=\"ld-fancy-heading\">\n\t\t\t<div class=\"ld-fh-element lqd-highlight-underline lqd-highlight-grow-left div\"  > T\u00fcrkiye\u2019nin en b\u00fcy\u00fck paslanmaz \u00e7elik tedarik\u00e7i ve \u00fcreticilerinden biri olan Poyraz Paslanmaz; kaliteli paslanmaz \u00e7elik \u00fcr\u00fcnleri ve m\u00fc\u015fterinin ihtiya\u00e7lar\u0131 do\u011frultusunda \u00e7\u00f6z\u00fcm \u00fcretebilme refleksi ile Kimya sekt\u00f6r\u00fcnde yurt i\u00e7inde ve yurt d\u0131\u015f\u0131nda pek \u00e7ok global \u015firketin tercih sebebi olmaktad\u0131r.\n<\/div>\t\t<\/div>\n\n\t\t\t\t<\/div>\n\t\t\t\t<\/div>\n\t\t\t\t\t<\/div>\n\t\t<\/div>\n\t\t\t\t\t\t\t<\/div>\n\t\t<\/section>\n\t\t\t\t\t\t<\/div>\n\t\t\t\t\t<\/div>\n\t\t","protected":false},"excerpt":{"rendered":"<p>T\u00fcrkiye\u2019nin en b\u00fcy\u00fck paslanmaz \u00e7elik tedarik\u00e7i ve \u00fcreticilerinden biri olan Poyraz Paslanmaz; kaliteli paslanmaz \u00e7elik \u00fcr\u00fcnleri ve m\u00fc\u015fterinin ihtiya\u00e7lar\u0131 do\u011frultusunda \u00e7\u00f6z\u00fcm \u00fcretebilme refleksi ile Kimya sekt\u00f6r\u00fcnde yurt i\u00e7inde ve yurt d\u0131\u015f\u0131nda pek \u00e7ok global \u015firketin tercih sebebi olmaktad\u0131r.<\/p>\n","protected":false},"author":1,"featured_media":0,"parent":0,"menu_order":0,"comment_status":"closed","ping_status":"closed","template":"elementor_theme","meta":{"footnotes":""},"class_list":["post-11005","page","type-page","status-publish","hentry"],"yoast_head":"<!-- This site is optimized with the Yoast SEO Premium plugin v18.1 (Yoast SEO v18.2) - https:\/\/yoast.com\/wordpress\/plugins\/seo\/ -->\n<title>Paslanmaz \u00c7elik Pompa Vana Ak\u0131\u015f Kontrol Sistemleri<\/title>\n<meta name=\"robots\" content=\"index, follow, max-snippet:-1, max-image-preview:large, max-video-preview:-1\" \/>\n<link rel=\"canonical\" href=\"https:\/\/poyrazpaslanmaz.com\/TUR\/akis-kontrol-sistemleri\/\" \/>\n<meta property=\"og:locale\" content=\"tr_TR\" \/>\n<meta property=\"og:type\" content=\"article\" \/>\n<meta property=\"og:title\" content=\"Ak\u0131\u015f Kontrol Sistemleri\" \/>\n<meta property=\"og:description\" content=\"T\u00fcrkiye\u2019nin en b\u00fcy\u00fck paslanmaz \u00e7elik tedarik\u00e7i ve \u00fcreticilerinden biri olan Poyraz Paslanmaz; kaliteli paslanmaz \u00e7elik \u00fcr\u00fcnleri ve m\u00fc\u015fterinin ihtiya\u00e7lar\u0131 do\u011frultusunda \u00e7\u00f6z\u00fcm \u00fcretebilme refleksi ile Kimya sekt\u00f6r\u00fcnde yurt i\u00e7inde ve yurt d\u0131\u015f\u0131nda pek \u00e7ok global \u015firketin tercih sebebi olmaktad\u0131r.\" \/>\n<meta property=\"og:url\" content=\"https:\/\/poyrazpaslanmaz.com\/TUR\/akis-kontrol-sistemleri\/\" \/>\n<meta property=\"og:site_name\" content=\"Poyraz Paslanmaz \u00c7elik Servisi\" \/>\n<meta property=\"article:modified_time\" content=\"2021-10-21T12:05:00+00:00\" \/>\n<meta property=\"og:image\" content=\"http:\/\/localhost\/TR\/wp-content\/uploads\/2021\/10\/petrochemie.jpg\" \/>\n<meta name=\"twitter:card\" content=\"summary_large_image\" \/>\n<script type=\"application\/ld+json\" class=\"yoast-schema-graph\">{\"@context\":\"https:\/\/schema.org\",\"@graph\":[{\"@type\":\"Organization\",\"@id\":\"https:\/\/poyrazpaslanmaz.com\/TUR\/#organization\",\"name\":\"Poyraz Paslanmaz \u00c7elik Servis Merkezi\",\"url\":\"https:\/\/poyrazpaslanmaz.com\/TUR\/\",\"sameAs\":[\"https:\/\/www.linkedin.com\/company\/poyraz-paslanmaz\/\",\"https:\/\/www.youtube.com\/channel\/UCikMTgktvEY2HsKznCs6wNQ\"],\"logo\":{\"@type\":\"ImageObject\",\"@id\":\"https:\/\/poyrazpaslanmaz.com\/TUR\/#logo\",\"inLanguage\":\"tr\",\"url\":\"https:\/\/poyrazpaslanmaz.com\/TUR\/wp-content\/uploads\/2019\/12\/POYRAZ-LOGO.png\",\"contentUrl\":\"https:\/\/poyrazpaslanmaz.com\/TUR\/wp-content\/uploads\/2019\/12\/POYRAZ-LOGO.png\",\"width\":700,\"height\":215,\"caption\":\"Poyraz Paslanmaz \u00c7elik Servis Merkezi\"},\"image\":{\"@id\":\"https:\/\/poyrazpaslanmaz.com\/TUR\/#logo\"}},{\"@type\":\"WebSite\",\"@id\":\"https:\/\/poyrazpaslanmaz.com\/TUR\/#website\",\"url\":\"https:\/\/poyrazpaslanmaz.com\/TUR\/\",\"name\":\"Poyraz Paslanmaz \u00c7elik Servisi\",\"description\":\"Paslanmaz Rulo, Sac, Boru, Profil, \u00c7ubuk, Lama, K\u00f6\u015febent\",\"publisher\":{\"@id\":\"https:\/\/poyrazpaslanmaz.com\/TUR\/#organization\"},\"potentialAction\":[{\"@type\":\"SearchAction\",\"target\":{\"@type\":\"EntryPoint\",\"urlTemplate\":\"https:\/\/poyrazpaslanmaz.com\/TUR\/?s={search_term_string}\"},\"query-input\":\"required name=search_term_string\"}],\"inLanguage\":\"tr\"},{\"@type\":\"ImageObject\",\"@id\":\"https:\/\/poyrazpaslanmaz.com\/TUR\/akis-kontrol-sistemleri\/#primaryimage\",\"inLanguage\":\"tr\",\"url\":\"http:\/\/localhost\/TR\/wp-content\/uploads\/2021\/10\/petrochemie.jpg\",\"contentUrl\":\"http:\/\/localhost\/TR\/wp-content\/uploads\/2021\/10\/petrochemie.jpg\"},{\"@type\":\"WebPage\",\"@id\":\"https:\/\/poyrazpaslanmaz.com\/TUR\/akis-kontrol-sistemleri\/#webpage\",\"url\":\"https:\/\/poyrazpaslanmaz.com\/TUR\/akis-kontrol-sistemleri\/\",\"name\":\"Paslanmaz \u00c7elik Pompa Vana Ak\u0131\u015f Kontrol Sistemleri\",\"isPartOf\":{\"@id\":\"https:\/\/poyrazpaslanmaz.com\/TUR\/#website\"},\"primaryImageOfPage\":{\"@id\":\"https:\/\/poyrazpaslanmaz.com\/TUR\/akis-kontrol-sistemleri\/#primaryimage\"},\"datePublished\":\"2021-10-21T12:03:58+00:00\",\"dateModified\":\"2021-10-21T12:05:00+00:00\",\"breadcrumb\":{\"@id\":\"https:\/\/poyrazpaslanmaz.com\/TUR\/akis-kontrol-sistemleri\/#breadcrumb\"},\"inLanguage\":\"tr\",\"potentialAction\":[{\"@type\":\"ReadAction\",\"target\":[\"https:\/\/poyrazpaslanmaz.com\/TUR\/akis-kontrol-sistemleri\/\"]}]},{\"@type\":\"BreadcrumbList\",\"@id\":\"https:\/\/poyrazpaslanmaz.com\/TUR\/akis-kontrol-sistemleri\/#breadcrumb\",\"itemListElement\":[{\"@type\":\"ListItem\",\"position\":1,\"name\":\"Anasayfa\",\"item\":\"https:\/\/poyrazpaslanmaz.com\/TUR\/\"},{\"@type\":\"ListItem\",\"position\":2,\"name\":\"Ak\u0131\u015f Kontrol Sistemleri\"}]},{\"@type\":\"TechArticle\",\"@id\":\"https:\/\/poyrazpaslanmaz.com\/TUR\/akis-kontrol-sistemleri\/#article\",\"isPartOf\":{\"@id\":\"https:\/\/poyrazpaslanmaz.com\/TUR\/akis-kontrol-sistemleri\/#webpage\"},\"author\":{\"@id\":\"https:\/\/poyrazpaslanmaz.com\/TUR\/#\/schema\/person\/c779564c9945a08d3334cf8c7064c3a0\"},\"headline\":\"Ak\u0131\u015f Kontrol Sistemleri\",\"datePublished\":\"2021-10-21T12:03:58+00:00\",\"dateModified\":\"2021-10-21T12:05:00+00:00\",\"mainEntityOfPage\":{\"@id\":\"https:\/\/poyrazpaslanmaz.com\/TUR\/akis-kontrol-sistemleri\/#webpage\"},\"wordCount\":56,\"publisher\":{\"@id\":\"https:\/\/poyrazpaslanmaz.com\/TUR\/#organization\"},\"image\":{\"@id\":\"https:\/\/poyrazpaslanmaz.com\/TUR\/akis-kontrol-sistemleri\/#primaryimage\"},\"thumbnailUrl\":\"http:\/\/localhost\/TR\/wp-content\/uploads\/2021\/10\/petrochemie.jpg\",\"inLanguage\":\"tr\"},{\"@type\":\"Person\",\"@id\":\"https:\/\/poyrazpaslanmaz.com\/TUR\/#\/schema\/person\/c779564c9945a08d3334cf8c7064c3a0\",\"name\":\"poyraz\",\"image\":{\"@type\":\"ImageObject\",\"@id\":\"https:\/\/poyrazpaslanmaz.com\/TUR\/#personlogo\",\"inLanguage\":\"tr\",\"url\":\"https:\/\/secure.gravatar.com\/avatar\/0e253ed5519749879d717378123245bf?s=96&d=mm&r=g\",\"contentUrl\":\"https:\/\/secure.gravatar.com\/avatar\/0e253ed5519749879d717378123245bf?s=96&d=mm&r=g\",\"caption\":\"poyraz\"},\"sameAs\":[\"http:\/\/poyrazpaslanmaz.com\/TUR\"],\"url\":\"https:\/\/poyrazpaslanmaz.com\/TUR\/author\/poyraz\/\"}]}<\/script>\n<!-- \/ Yoast SEO Premium plugin. -->","yoast_head_json":{"title":"Paslanmaz \u00c7elik Pompa Vana Ak\u0131\u015f Kontrol Sistemleri","robots":{"index":"index","follow":"follow","max-snippet":"max-snippet:-1","max-image-preview":"max-image-preview:large","max-video-preview":"max-video-preview:-1"},"canonical":"https:\/\/poyrazpaslanmaz.com\/TUR\/akis-kontrol-sistemleri\/","og_locale":"tr_TR","og_type":"article","og_title":"Ak\u0131\u015f Kontrol Sistemleri","og_description":"T\u00fcrkiye\u2019nin en b\u00fcy\u00fck paslanmaz \u00e7elik tedarik\u00e7i ve \u00fcreticilerinden biri olan Poyraz Paslanmaz; kaliteli paslanmaz \u00e7elik \u00fcr\u00fcnleri ve m\u00fc\u015fterinin ihtiya\u00e7lar\u0131 do\u011frultusunda \u00e7\u00f6z\u00fcm \u00fcretebilme refleksi ile Kimya sekt\u00f6r\u00fcnde yurt i\u00e7inde ve yurt d\u0131\u015f\u0131nda pek \u00e7ok global \u015firketin tercih sebebi olmaktad\u0131r.","og_url":"https:\/\/poyrazpaslanmaz.com\/TUR\/akis-kontrol-sistemleri\/","og_site_name":"Poyraz Paslanmaz \u00c7elik Servisi","article_modified_time":"2021-10-21T12:05:00+00:00","og_image":[{"url":"http:\/\/localhost\/TR\/wp-content\/uploads\/2021\/10\/petrochemie.jpg"}],"twitter_card":"summary_large_image","schema":{"@context":"https:\/\/schema.org","@graph":[{"@type":"Organization","@id":"https:\/\/poyrazpaslanmaz.com\/TUR\/#organization","name":"Poyraz Paslanmaz \u00c7elik Servis Merkezi","url":"https:\/\/poyrazpaslanmaz.com\/TUR\/","sameAs":["https:\/\/www.linkedin.com\/company\/poyraz-paslanmaz\/","https:\/\/www.youtube.com\/channel\/UCikMTgktvEY2HsKznCs6wNQ"],"logo":{"@type":"ImageObject","@id":"https:\/\/poyrazpaslanmaz.com\/TUR\/#logo","inLanguage":"tr","url":"https:\/\/poyrazpaslanmaz.com\/TUR\/wp-content\/uploads\/2019\/12\/POYRAZ-LOGO.png","contentUrl":"https:\/\/poyrazpaslanmaz.com\/TUR\/wp-content\/uploads\/2019\/12\/POYRAZ-LOGO.png","width":700,"height":215,"caption":"Poyraz Paslanmaz \u00c7elik Servis Merkezi"},"image":{"@id":"https:\/\/poyrazpaslanmaz.com\/TUR\/#logo"}},{"@type":"WebSite","@id":"https:\/\/poyrazpaslanmaz.com\/TUR\/#website","url":"https:\/\/poyrazpaslanmaz.com\/TUR\/","name":"Poyraz Paslanmaz \u00c7elik Servisi","description":"Paslanmaz Rulo, Sac, Boru, Profil, \u00c7ubuk, Lama, K\u00f6\u015febent","publisher":{"@id":"https:\/\/poyrazpaslanmaz.com\/TUR\/#organization"},"potentialAction":[{"@type":"SearchAction","target":{"@type":"EntryPoint","urlTemplate":"https:\/\/poyrazpaslanmaz.com\/TUR\/?s={search_term_string}"},"query-input":"required name=search_term_string"}],"inLanguage":"tr"},{"@type":"ImageObject","@id":"https:\/\/poyrazpaslanmaz.com\/TUR\/akis-kontrol-sistemleri\/#primaryimage","inLanguage":"tr","url":"http:\/\/localhost\/TR\/wp-content\/uploads\/2021\/10\/petrochemie.jpg","contentUrl":"http:\/\/localhost\/TR\/wp-content\/uploads\/2021\/10\/petrochemie.jpg"},{"@type":"WebPage","@id":"https:\/\/poyrazpaslanmaz.com\/TUR\/akis-kontrol-sistemleri\/#webpage","url":"https:\/\/poyrazpaslanmaz.com\/TUR\/akis-kontrol-sistemleri\/","name":"Paslanmaz \u00c7elik Pompa Vana Ak\u0131\u015f Kontrol Sistemleri","isPartOf":{"@id":"https:\/\/poyrazpaslanmaz.com\/TUR\/#website"},"primaryImageOfPage":{"@id":"https:\/\/poyrazpaslanmaz.com\/TUR\/akis-kontrol-sistemleri\/#primaryimage"},"datePublished":"2021-10-21T12:03:58+00:00","dateModified":"2021-10-21T12:05:00+00:00","breadcrumb":{"@id":"https:\/\/poyrazpaslanmaz.com\/TUR\/akis-kontrol-sistemleri\/#breadcrumb"},"inLanguage":"tr","potentialAction":[{"@type":"ReadAction","target":["https:\/\/poyrazpaslanmaz.com\/TUR\/akis-kontrol-sistemleri\/"]}]},{"@type":"BreadcrumbList","@id":"https:\/\/poyrazpaslanmaz.com\/TUR\/akis-kontrol-sistemleri\/#breadcrumb","itemListElement":[{"@type":"ListItem","position":1,"name":"Anasayfa","item":"https:\/\/poyrazpaslanmaz.com\/TUR\/"},{"@type":"ListItem","position":2,"name":"Ak\u0131\u015f Kontrol Sistemleri"}]},{"@type":"TechArticle","@id":"https:\/\/poyrazpaslanmaz.com\/TUR\/akis-kontrol-sistemleri\/#article","isPartOf":{"@id":"https:\/\/poyrazpaslanmaz.com\/TUR\/akis-kontrol-sistemleri\/#webpage"},"author":{"@id":"https:\/\/poyrazpaslanmaz.com\/TUR\/#\/schema\/person\/c779564c9945a08d3334cf8c7064c3a0"},"headline":"Ak\u0131\u015f Kontrol Sistemleri","datePublished":"2021-10-21T12:03:58+00:00","dateModified":"2021-10-21T12:05:00+00:00","mainEntityOfPage":{"@id":"https:\/\/poyrazpaslanmaz.com\/TUR\/akis-kontrol-sistemleri\/#webpage"},"wordCount":56,"publisher":{"@id":"https:\/\/poyrazpaslanmaz.com\/TUR\/#organization"},"image":{"@id":"https:\/\/poyrazpaslanmaz.com\/TUR\/akis-kontrol-sistemleri\/#primaryimage"},"thumbnailUrl":"http:\/\/localhost\/TR\/wp-content\/uploads\/2021\/10\/petrochemie.jpg","inLanguage":"tr"},{"@type":"Person","@id":"https:\/\/poyrazpaslanmaz.com\/TUR\/#\/schema\/person\/c779564c9945a08d3334cf8c7064c3a0","name":"poyraz","image":{"@type":"ImageObject","@id":"https:\/\/poyrazpaslanmaz.com\/TUR\/#personlogo","inLanguage":"tr","url":"https:\/\/secure.gravatar.com\/avatar\/0e253ed5519749879d717378123245bf?s=96&d=mm&r=g","contentUrl":"https:\/\/secure.gravatar.com\/avatar\/0e253ed5519749879d717378123245bf?s=96&d=mm&r=g","caption":"poyraz"},"sameAs":["http:\/\/poyrazpaslanmaz.com\/TUR"],"url":"https:\/\/poyrazpaslanmaz.com\/TUR\/author\/poyraz\/"}]}},"_links":{"self":[{"href":"https:\/\/poyrazpaslanmaz.com\/TUR\/wp-json\/wp\/v2\/pages\/11005","targetHints":{"allow":["GET"]}}],"collection":[{"href":"https:\/\/poyrazpaslanmaz.com\/TUR\/wp-json\/wp\/v2\/pages"}],"about":[{"href":"https:\/\/poyrazpaslanmaz.com\/TUR\/wp-json\/wp\/v2\/types\/page"}],"author":[{"embeddable":true,"href":"https:\/\/poyrazpaslanmaz.com\/TUR\/wp-json\/wp\/v2\/users\/1"}],"replies":[{"embeddable":true,"href":"https:\/\/poyrazpaslanmaz.com\/TUR\/wp-json\/wp\/v2\/comments?post=11005"}],"version-history":[{"count":0,"href":"https:\/\/poyrazpaslanmaz.com\/TUR\/wp-json\/wp\/v2\/pages\/11005\/revisions"}],"wp:attachment":[{"href":"https:\/\/poyrazpaslanmaz.com\/TUR\/wp-json\/wp\/v2\/media?parent=11005"}],"curies":[{"name":"wp","href":"https:\/\/api.w.org\/{rel}","templated":true}]}}